e of (-1 - 1) + (1 - 4)?
-5
Calculate 2 - 0 - (0 - (7 + -13)).
-4
-2 - (4 + -4 + (-3 - -3))
-2
What is the value of 10 + -12 + (0 - 3 - -1)?
-4
Calculate (2 - 4) + -4 + 1 - -2.
-3
What is -1 + (-2 - (-1 - -3))?
-5
1 + (5 - 3) - (-3 + 4)
2
What is the value of 1 + 12 + -6 - 2?
5
Evaluate (-13 - 0) + -25 + 35.
-3
What is the value of 2 + 4 + 1 + -6?
1
What is (-2 - -7) + (-5 - -7) + -1?
6
Evaluate -60 + 57 - (-4 + (1 - 1)).
1
Evaluate 0 - (-2 - (-13 - (-15 + 7))).
-3
Evaluate 3 + -9 + (5 - 4).
-5
What is the value of 3 - (7 + 5 + -2)?
-7
Evaluate 1 + (1 - -1) - (-6 - -7).
2
What is -3 + -12 + 8 + 1 - 3?
-9
What is -5 + 5 + (-7 - -2)?
-5
Evaluate 12 + -4 + -21 + 6.
-7
What is (6 - 5) + -10 + 5 + -4?
-8
Evaluate -2 + 5 + 0 + -1 + 5.
7
Calculate 5 - (-1 + 13 - 4).
-3
Evaluate (-1 - 0) + (20 - 23) + 4.
0
What is (-14 - (4 - 11)) + 2 + -2?
-7
Evaluate 6 - (3 - (-1 - -2)).
4
What is 1 - (3 + -1 + -4)?
3
(-1 - 4) + (0 + 4 - -1)
0
Calculate 2 - (10 + -21) - 11.
2
Calculate 6 - (-1 + 11 + (-50 - -43)).
3
What is 2 + 1 - (-1 - (-5 - -3))?
2
What is the value of -12 - (0 + -4) - -4?
-4
64 + -63 + (-4 - (0 - -1))
-4
What is -6 + -3 - (-1 + -2)?
-6
Calculate -5 - (-7 + 5 + 0).
-3
What is the value of -7 + 3 + (9 - (10 - 8))?
3
Evaluate -7 - -12 - (-3 - -2 - -2).
4
What is the value of 3 + -10 - (-14 + 1) - 11?
-5
Evaluate -2 - -4 - (1 + (-2 - -4)).
-1
-4 - 10 - (0 + (-7 - -1))
-8
Calculate (2 - 3) + 3 - -2 - 8.
-4
Evaluate -8 + -6 + 6 - -14.
6
What is 0 - (-3 - -4 - 2 - 1)?
2
What is the value of (-5 - -5) + 4 + -1?
3
Calculate (-10 - -4) + 3 - (0 + -8).
5
Calculate 9 - (7 + 15 - 8).
-5
What is the value of -2 - 2 - (3 + -8)?
1
What is the value of 2 + 9 - (1 - -2)?
8
Evaluate 3 - (2 + 7) - (-9 + 7).
-4
Calculate 9 + -9 + 7 + -13.
-6
Evaluate -8 + (4 - 0) + 1 + -2.
-5
What is (-1 - 0) + -1 + -2 + 6?
2
Calculate (1 - (5 - 3)) + -5 + 1.
-5
What is the value of -7 + 6 + 10 + -10?
-1
Calculate (-3 - -1 - -5) + -4.
-1
What is the value of 1 + -2 + (5 - (4 - 5))?
5
Evaluate (7 - 3) + -8 + 7 - 2.
1
Evaluate -6 + 14 + -8 + -5 + 6.
1
Evaluate (1 - 1) + 4 + (-26 - -21).
-1
Calculate 11 - ((13 - 10) + 5).
3
-2 - (5 - (1 - (1 + -10)))
3
-6 + 10 + -4 + 4 + -5
-1
Calculate 2 + 0 - (2 + 1 + -9).
8
What is -2 + (19 - 16 - (1 - 3))?
3
What is the value of -1 - (6 - 1) - -3?
-3
0 + -6 + 2 + 6 + 3
5
What is -11 - (-3 + 3 + -6)?
-5
What is 5 + 0 - (5 + 0) - -5?
5
Calculate 0 - -1 - (-3 + 0 - 1).
5
-1 + -2 - (-9 - -4) - 1
1
Calculate (-295 - -290) + (1 - 1) + 14.
9
Evaluate 5 + (-5 - 1 - 1).
-2
Calculate -10 - (-1 + -5 + -5).
1
Calculate 6 + -5 + 3 - 2.
2
What is the value of -6 + 0 - (12 + -19)?
1
2 - (0 + -5 - (0 + -10))
-3
Calculate -4 + 3 + (-2 - -1 - -5).
3
-5 + -1 + 3 + -1
-4
(-1 - -5) + (-13 - -9)
0
What is 8 + (1 - -6 - 17)?
-2
What is -3 - ((-1 - 8) + -2)?
8
(-3 - (1 + 3)) + 11
4
What is -5 + (-8 - -6 - -10)?
3
Calculate -5 - ((-5 - 0) + 2).
-2
What is -7 - 0 - (-37 + 25)?
5
0 + 3 - 1 - 3 - 6
-7
Calculate 0 + -1 - ((13 - 6) + -8).
0
-5 + -10 + 11 - (1 - -5)
-10
2 + 1 + (2 - 7) - 1
-3
What is the value of 3 + (-7 - (-6 - (-1 + -2)))?
-1
(-2 + -2 - (-4 + -1)) + -6
-5
Calculate 4 + (-5 - -1 - -2).
2
What is 0 + 7 - (-75 + 85)?
-3
What is -4 - (-9 - 0) - -2?
7
What is (-12 + 2 - -5) + (3 - 0)?
-2
-3 + (-1 - (2 + -3)) + -2
-5
Calculate 5 - (2 - 10 - -7).
6
5 + (1 - 4) - 3
-1
Evaluate 0 - ((3 - -1) + -7).
3
Calculate 2 + 4 + -2 + 3 - 4.
3
Calculate -2 + (3 - (2 - (-1 + -5))).
-7
Evaluate (-3 - 0) + 10 + -3.
4
What is the value of 8 + (-1 - -12) + -12?
7
What is -5 + (6 - 9) - -2?
-6
Evaluate (2 - 1) + -2 + 0.
-1
What is the value of 3 - 3 - (-15 - -20)?
-5
Evaluate 5 - (-1 - -5) - -4.
5
What is the value of 4 - (-6 + -10 + 3 + 10)?
7
What is -4 - (1 - (9 - 7))?
-3
What is 2 - 1 - 7 - -3?
-3
Evaluate -7 - (-20 - -1) - 3.
9
(0 + 1 - -2) + -6
-3
Evaluate 2 - (16 + -6) - -13.
5
Evaluate 0 - ((2 - -3 - 1) + 1).
-5
What is (4 - -1) + 2 + -3 + 0?
4
What is the value of 6 - (-4 - 0 - -6)?
4
Evaluate 3 - (-1 + (1 - 1)) - 8.
-4
Evaluate (2 - (4 + -6)) + -4.
0
Calculate (2 - -4) + -3 + -5 + 8.
6
What is -2 + 7 + -17 + 8 + -6?
-10
0 - 4 - (-1 - 1) - 3
-5
Evaluate 3 + -6 - (0 + 0 + 1).
-4
What is the value of 1 + 1 - -3 - (9 - 6)?
2
-2 - (-1 - (5 + -6))
-2
What is the value of 8 - (-7 + 12 + 7)?
-4
Evaluate (-2 - (-2 + 1 + -1)) + 5.
5
What is the value of -16 + -3 + 29 - (1 + 2)?
7
Evaluate 16 + (-2 - 1) + (2 - 7).
8
Evaluate (3 - -4) + -5 + -5.
-3
Calculate -6 - (-6 - ((13 - 8) + -5)).
0
(-9 - -1) + (-40 + 7 - -30)
-11
Calculate -14 - -7 - (-2 - 6).
1
Evaluate 20 - 16 - (9 - 0).
-5
(-10 - (-17 + 9)) + (-5 - -1)
-6
What is the value of 10 - (-7 - (-10 - 7))?
0
What is (-3 - -1) + 1 + -1 + -3?
-5
What is the value of 3 + -5 + -3 + 0?
-5
Calculate -3 - (-2 - -1 - -3 - 0).
-5
Evaluate -1 + 1 + -2 + 0.
-2
Calculate 0 - (2 - 0) - (16 + -14).
-4
(3 - 8 - -7) + 4
6
-14 + (-2 - (-7 - (-7 + 5)))
-11
Evaluate -1 + 2 - (5 - 2) - 3.
-5
What is the value of (2 - 8) + 19 + -17?
-4
Evaluate -4 + 1 + 3 - 2.
-2
5 + (-1 + -5 - (-15 + 13))
1
Evaluate 9 + -4 - 9 - (-2 + 1).
-3
Calculate (7 + -3 - -1 - 1) + 0.
4
-2 + (-4 - -1 - (-7 + 1))
1
Evaluate 10 + (12 - (6 + 22)).
-6
Calculate (1 - 2) + -5 + 0 + 2.
-4
-3 + (-4 - -1) + 3
-3
What is -1 + -3 - (-4 - -5) - -9?
4
What is the value of (1 - 2) + 2 - (-2 + 1)?
2
Evaluate 25 + -17 - (4 + 0).
4
Evaluate (5 + -12 - 0) + 0 + 4.
-3
Calculate 7 + 0 + -1 + -7.
-1
Evaluate 2 - (15 - 2) - (-94 + 90).
-7
(2 + -2 - 2) + 7
5
What is the value of -5 + 5 + 5 + -2 + 2?
5
Evaluate -3 + (-7 + 8 - -2).
0
Evaluate -16 + 46 + -23 - (1 + 5).
1
-5 + 3 + -2 - (-4 - -1)
-1
Evaluate -12 + 10 + 1 + -3.
-4
Calculate (4 + 5 - 1) + -7.
1
Evaluate 5 - (4 + 1 + -3).
3
Evaluate 8 + -1 + (2 - (-1 + 6)).
4
What is the value of (-3 - -7 - 12) + 3?
-5
4 + (-2 + 0 - 10) + 3
-5
Calculate -3 + -4 + 6 - (-4 - -2).
1
What is -10 - (-1 + -5 + 1)?
-5
What is the value of -11 + 5 - 3 - -2?
-7
8 - 6 - (7 + -11)
6
Evaluate 5 - (-1 - -6) - (3 - -2).
-5
What is -4 + (2 - -3) + 4?
5
What is the value of -1 + (6 + -10 - (0 + -3))?
-2
Evaluate 2 - (3 + (4 + -2 - 2)).
-1
What is 2 - (-5 + (3 - 1) - -7)?
-2
What is the value of 76 + -72 - (-1 + 2 - -7)?
-4
Evaluate (-16 - -12) + (-1 - -1).
-4
(2 - 1) + 2 + 0
3
Calculate 0 - 1 - (1 + 3 + -7).
2
Calculate 5 - (0 + (-3 - -3) - -4).
1
Evaluate -11 + (-1 + 6 - (23 + -21)).
-8
What is the value of 5 + 4 + (-10 - -6)?
5
Evaluate 8 - 0 - 12 - -8.
4
Evaluate 5 + -1 - (-19 + 13).
10
What is the value of -1 + 6 + 12 + -12 + 5?
10
Evaluate 4 + -6 + 0 - -1.
-1
What is the value of -7 + 19 - (27 + -25)?
10
-2 + 5 + (-3 - -7 - 5)
2
Calculate 2 - 1 - -1 - (24 + -21).
-1
What is the value of 5 - (10 - 7) - 2?
0
3 + -1 - (-5 - (-8 + 3))
2
Calculate (-1 - -1 - (-5 + 2)) + -2.
1
Evaluate -8 + 9 + -7 + 6.
0
-3 + 3 + -3 + 5
2
What is -8 + (30 - 12) + -8?
2
Evaluate -3 - (-3 + 3 - 8).
5
What is the value of (-2 - (2 - 7)) + (1 - -1)?
5
What is the value of -1 + -4 - (7 + 8 + -16)?
-4
2 - (4 - (-2 + -1))
-5
What is the value of -28 + 30 - (1 - (0 - 2))?
-1
Calculate -11 + 18 + -11 + 0.
-4
Calculate 2 + 6 + -12 - -1.
-3
Calculate 5 + (-4 + 11 - 11).
1
What is the value of -5 + 6 + 3 - (5 - 7)?
6
What is (9 - 0) + 3 + -17?
-5
3 + -3 + 4 - -2
6
What is the value of 0 + -3 - (-5 + 0 + 0)?
2
0 - -1 - 2 - (1 - 6)
4
What is -8 + 1 - (-126 - -125)?
-6
Evaluate 3 - -2 - (22 - 18).
1
Evaluate 4 - ((-6 - -2) + 5).
3
What is -5 + (10 - 1) + -8?
-4
What is 1 - ((0 - -6) + -3 + 2)?
-4
Calculate 0 + 2 + (-3 - -3) + -7.
-5
-4 + (3 - (3 + -1 + 1))
-4
-3 + 11 + (-1 - 6) + 3
4
Evaluate -1 - -4 - (0 - (7 - 9)).
1
What is (-4 - 1) + 3 + -10 + 5?
-7
Evaluate 1 + (-8 - -6 - -7).
6
What is the value of 4 + (1 - 4) - -2?
3
What is the value of 8 - (0 + 0 + 4)?
4
What is the value of -25 - -24 - (-2 - -1)?
0
What is the value of 1 + -3 - -11 - (166 + -160)?
3
-2 + 3 + (4 - 7 - -6)
4
What is (1 - 3) + -7 + 15 + -9?
-3
Evaluate -5 + (4 + -5 - (-12 - -11)).
-5
Evaluate (0 + -1 - -4) + 37 + -37.
3
0 - (2 + -3 - -1)
0
Calculate 2 + -1 + -1 + 4.
4
(8 - (2 - 1)) + (37 - 54)
-10
What is the value of (0 - 10) + (99 - 89)?
0
Evaluate 3 - ((-7 - -7) + 7).
-4
Calculate 4 - 0 - 0 - (3 + -2).
3
-3 - (5 + -6 - 6)
4
(-12 - -9) + 17 + -10
4
(-7 - -2) + (-3 + 8 - 2)
-2
What is the value of 0 - (-4 + 0 - -2)?
2
What is the va